mainder when 773 is divided by 409.
364
Calculate the remainder when 2490 is divided by 83.
0
What is the remainder when 3052 is divided by 3047?
5
Calculate the remainder when 7568 is divided by 2522.
2
What is the remainder when 70906 is divided by 2213?
90
What is the remainder when 17226 is divided by 748?
22
What is the remainder when 365114 is divided by 121677?
83
Calculate the remainder when 30964 is divided by 2814.
10
What is the remainder when 88275 is divided by 88260?
15
What is the remainder when 26402 is divided by 104?
90
What is the remainder when 18504 is divided by 6162?
18
Calculate the remainder when 6637 is divided by 1103.
19
What is the remainder when 713479 is divided by 59?
51
What is the remainder when 9989 is divided by 51?
44
What is the remainder when 71909 is divided by 23961?
26
Calculate the remainder when 178056 is divided by 2918.
58
Calculate the remainder when 247280 is divided by 137.
132
Calculate the remainder when 20468 is divided by 10233.
2
Calculate the remainder when 15398 is divided by 105.
68
Calculate the remainder when 729054 is divided by 15.
9
Calculate the remainder when 61407 is divided by 819.
801
What is the remainder when 3824 is divided by 1272?
8
Calculate the remainder when 567 is divided by 470.
97
Calculate the remainder when 2854 is divided by 47.
34
What is the remainder when 1307 is divided by 1253?
54
What is the remainder when 614296 is divided by 3041?
14
Calculate the remainder when 527135 is divided by 544.
543
Calculate the remainder when 19701 is divided by 108.
45
What is the remainder when 1994 is divided by 631?
101
What is the remainder when 173398 is divided by 31?
15
Calculate the remainder when 9664 is divided by 1930.
14
What is the remainder when 15829 is divided by 1319?
1
Calculate the remainder when 13472 is divided by 63.
53
What is the remainder when 2018 is divided by 333?
20
What is the remainder when 6599 is divided by 1309?
54
What is the remainder when 390080 is divided by 78015?
5
Calculate the remainder when 76607 is divided by 48.
47
Calculate the remainder when 83805 is divided by 288.
285
Calculate the remainder when 1834 is divided by 661.
512
What is the remainder when 15631 is divided by 37?
17
Calculate the remainder when 6063 is divided by 222.
69
What is the remainder when 3682 is divided by 1211?
49
What is the remainder when 14328 is divided by 7152?
24
Calculate the remainder when 72734 is divided by 16.
14
Calculate the remainder when 112837 is divided by 56354.
129
Calculate the remainder when 248205 is divided by 527.
515
What is the remainder when 112800 is divided by 236?
228
What is the remainder when 4301 is divided by 558?
395
What is the remainder when 1306 is divided by 641?
24
Calculate the remainder when 9037 is divided by 1571.
1182
Calculate the remainder when 2907 is divided by 353.
83
What is the remainder when 3171 is divided by 52?
51
Calculate the remainder when 3198 is divided by 3177.
21
What is the remainder when 33747 is divided by 555?
447
Calculate the remainder when 49324 is divided by 10.
4
Calculate the remainder when 1277 is divided by 150.
77
Calculate the remainder when 14060 is divided by 538.
72
What is the remainder when 1767494 is divided by 41?
25
What is the remainder when 327236 is divided by 419?
416
What is the remainder when 171859 is divided by 65?
64
What is the remainder when 170142 is divided by 109?
102
Calculate the remainder when 12304 is divided by 6135.
34
Calculate the remainder when 1877 is divided by 946.
931
Calculate the remainder when 53275 is divided by 7587.
166
Calculate the remainder when 7805 is divided by 749.
315
What is the remainder when 345 is divided by 59?
50
Calculate the remainder when 576958 is divided by 960.
958
Calculate the remainder when 5875 is divided by 173.
166
Calculate the remainder when 88286 is divided by 270.
266
What is the remainder when 2336 is divided by 335?
326
What is the remainder when 469 is divided by 383?
86
What is the remainder when 60762 is divided by 489?
126
What is the remainder when 185431 is divided by 160?
151
Calculate the remainder when 148482 is divided by 247.
35
What is the remainder when 30425 is divided by 483?
479
What is the remainder when 2055 is divided by 70?
25
Calculate the remainder when 1155079 is divided by 106.
103
What is the remainder when 21293 is divided by 26?
25
Calculate the remainder when 10059 is divided by 183.
177
What is the remainder when 24067 is divided by 83?
80
Calculate the remainder when 636338 is divided by 654.
650
What is the remainder when 68434 is divided by 1292?
1250
What is the remainder when 466 is divided by 89?
21
What is the remainder when 3925 is divided by 651?
19
What is the remainder when 2025592 is divided by 2532?
2524
Calculate the remainder when 36601 is divided by 196.
145
Calculate the remainder when 47218 is divided by 102.
94
What is the remainder when 26205 is divided by 72?
69
Calculate the remainder when 3484 is divided by 28.
12
Calculate the remainder when 10739 is divided by 715.
14
Calculate the remainder when 11846 is divided by 2362.
36
What is the remainder when 30551 is divided by 314?
93
What is the remainder when 30132 is divided by 21?
18
Calculate the remainder when 486294 is divided by 31.
28
What is the remainder when 16203 is divided by 31?
21
What is the remainder when 2832 is divided by 144?
96
What is the remainder when 1560 is divided by 254?
36
What is the remainder when 3274 is divided by 212?
94
Calculate the remainder when 58993 is divided by 45.
43
Calculate the remainder when 3817966 is divided by 66.
64
What is the remainder when 1345 is divided by 448?
1
What is the remainder when 37472 is divided by 14?
8
Calculate the remainder when 88143 is divided by 16.
15
Calculate the remainder when 1252 is divided by 195.
82
What is the remainder when 174018 is divided by 110?
108
What is the remainder when 1262257 is divided by 1261?
1257
Calculate the remainder when 83952 is divided by 2998.
8
What is the remainder when 18926 is divided by 6294?
44
Calculate the remainder when 9765 is divided by 3231.
72
Calculate the remainder when 47360 is divided by 23613.
134
What is the remainder when 19205 is divided by 57?
53
Calculate the remainder when 95788 is divided by 6842.
0
Calculate the remainder when 46907 is divided by 77.
14
Calculate the remainder when 63919 is divided by 149.
147
What is the remainder when 2320226 is divided by 22?
18
What is the remainder when 4519 is divided by 2255?
9
Calculate the remainder when 26879 is divided by 4.
3
What is the remainder when 910578 is divided by 220?
218
Calculate the remainder when 125 is divided by 11.
4
Calculate the remainder when 39964 is divided by 13192.
388
Calculate the remainder when 886 is divided by 171.
31
What is the remainder when 38583 is divided by 187?
61
What is the remainder when 501070 is divided by 16?
14
Calculate the remainder when 32422 is divided by 624.
598
Calculate the remainder when 23295 is divided by 5734.
359
What is the remainder when 41048 is divided by 20395?
258
Calculate the remainder when 535277 is divided by 2358.
11
Calculate the remainder when 102896 is divided by 9353.
13
Calculate the remainder when 130238 is divided by 55.
53
What is the remainder when 34709 is divided by 248?
237
Calculate the remainder when 26052 is divided by 107.
51
Calculate the remainder when 296276 is divided by 24.
20
What is the remainder when 3698 is divided by 410?
8
Calculate the remainder when 57562 is divided by 11.
10
Calculate the remainder when 206 is divided by 38.
16
What is the remainder when 54 is divided by 53?
1
Calculate the remainder when 69898 is divided by 13954.
128
What is the remainder when 71788 is divided by 30?
28
Calculate the remainder when 3076 is divided by 300.
76
Calculate the remainder when 14765 is divided by 91.
23
What is the remainder when 3121 is divided by 20?
1
Calculate the remainder when 5079 is divided by 1671.
66
What is the remainder when 516 is divided by 51?
6
What is the remainder when 2242 is divided by 173?
166
Calculate the remainder when 8091 is divided by 28.
27
What is the remainder when 10260 is divided by 107?
95
What is the remaind